14*u**2 + 0*u + 313 - 121 - 100 + 3*u. What is f(14)?
26
Let t = 171 - 157. Let a(y) = y**3 - 18*y**2 + 59*y - 30. What is a(t)?
12
Let w(h) = -h - 6. Suppose 12 = -4*f - 0*f. Let n be ((-108)/48*3*4)/f. Give w(n).
-15
Let l(o) be the second derivative of o**5/20 + 11*o**4/12 + 5*o**3/3 + 4*o**2 - 732*o. Determine l(-10).
8
Let u(j) = 13 - 4 - 2 - 7*j - 2*j**2 + 4*j**2 + 0*j**2. Calculate u(1).
2
Let o(i) be the second derivative of -i**3 - 5*i**2 - 636*i - 7. Give o(-2).
2
Let d(c) be the second derivative of -c**3/6 + 9*c**2/2 + c + 6. Let s(p) = -p**3 - 6*p**2 + 6*p - 7. Let v be s(-7). Determine d(v).
9
Let l(m) = 2*m**2 + 106*m + 478. Let c be l(-5). Let u(w) = 2*w**2 + 43 + 42 - 89. What is u(c)?
4
Let w(c) = -23*c - 262. Let n(a) = 21*a + 233. Let x(b) = 7*n(b) + 6*w(b). Determine x(-11).
-40
Let u(s) = -s + 72. Let a(f) = -2*f + 135. Let i(j) = -6*a(j) + 11*u(j). Calculate i(6).
-12
Let f(a) = 11*a - 23. Let t be f(2). Let s(w) = w**3 - w**2 - 2. Let h(x) = 6*x**3 + 6*x**2 - 14*x - 36. Let j(c) = t*h(c) + 5*s(c). Calculate j(-12).
2
Let w(v) = -32*v**3 - 57*v**2 + 40*v - 41. Let n(y) = -23*y**3 - 38*y**2 + 26*y - 27. Let g(r) = -7*n(r) + 5*w(r). Determine g(18).
-16
Let q(p) = -3 - 2*p**2 + 4 + 332*p - p**2 + p**3 - 336*p. Suppose -5*y = -3*d + 4*d + 16, 0 = -4*d + 3*y + 28. What is q(d)?
1
Let j(m) = -2*m**3 + 3502 - 27*m**2 + 3526 - 7037 + 14*m. Calculate j(-14).
-9
Let f(o) = 4*o**2 - o - 2. Let h be (-32)/320 - 62/(-20). Determine f(h).
31
Let b(t) = t**3 - 13*t**2 - 15*t + 8. Suppose -33*s + 927 + 63 = 0. Suppose -5*f + 2*f + 4*a + s = 0, 5*a + 27 = 3*f. What is b(f)?
-6
Let z(c) be the first derivative of 25/3*c**3 + 17 + 0*c**2 + 0*c - 1/40*c**5 + 0*c**4. Let v(r) be the third derivative of z(r). What is v(-2)?
6
Let j = 55 - 49. Suppose 36 = 3*p - j*p. Let a(f) be the first derivative of -f**4/4 - 4*f**3 - 5*f - 212. What is a(p)?
-5
Let i(g) = g**2 - 30*g + 80. Let r be 1242/45 - (-3)/(-5). Calculate i(r).
-1
Let q(j) be the first derivative of -5*j**4 - j**3/3 - j**2/2 + 1. Let w(z) = -z**3 + 2*z**2 - 30*z - 1. Let p be w(0). Give q(p).
20
Let z(a) = -a - 13. Suppose 12*y + 4507 = -1469. Let m = y + 489. What is z(m)?
-4
Let b(j) = j - 15. Let w(l) = 4*l - 70. Let z(s) = -28*b(s) + 6*w(s). Let d(a) = -5*a - 1. Let q = -16 - -10. Let u(c) = q*z(c) + 5*d(c). Determine u(7).
-12
Let y(j) = -j - 32 + 48 - 3*j - 48 + 21*j. Calculate y(2).
2
Let h(d) = -d**3 + 16*d**2 + 331*d - 55. Let p be h(-12). Let t(r) = 3*r + r + 9 + 0*r - 7*r. Determine t(p).
-6
Suppose -2*r = 10, -7*o - 5*r - 37 = -3*o. Let m(x) = 2*x**3 + x - 7. What is m(o)?
-64
Let i be 124/(-14) + ((-36)/(-144) - (-22)/(-56)). Let d(v) = 3*v**2 + 25*v + 30. Determine d(i).
48
Let o(n) = 34 - 65*n - n**2 + 40*n + 37*n. Let b be o(14). Let h(j) = -2*j + 5. Determine h(b).
-7
Let l(o) be the second derivative of -o**5/20 - 3*o**4/4 - 11*o**3/6 - o**2 + 7590*o. Give l(-6).
-44
Let f(h) = -h. Let x be f(-3). Let m(a) = -x*a - 4*a + 4*a + 4*a. Suppose 0 = 3*z + 2*b - 7, -z + 4*b - 5 = 2*z. Calculate m(z).
1
Let s(y) = 79*y + 115. Let k(g) = 234*g + 306. Let h(p) = 3*k(p) - 8*s(p). Determine h(1).
68
Suppose -a - 2*b - b = 7, 2*a - 3*b - 13 = 0. Let k(c) be the first derivative of 4*c - 77*c**2 + 155*c**a + 14 - 77*c**2. Calculate k(-6).
-8
Let z(h) = h**3 + h**2 - h - 5. Let a(j) = -5*j**3 + 13*j**2 + 23*j + 20. Let v(x) = -a(x) - 4*z(x). What is v(18)?
-18
Let d(h) = 4*h - 11. Let m(f) = -f + 7. Let l(a) = 2*d(a) + 10*m(a). Give l(13).
22
Suppose -5*d + 5 = 2*a, -d + 7 - 6 = 5*a. Suppose -5*m + 4*j + 135 = 0, a = -m + 5*m - 2*j - 108. Suppose m + 28 = -11*p. Let i(u) = u + 1. Calculate i(p).
-4
Let k = -661 - -361. Let f = 300 + k. Let j(i) be the third derivative of i**6/120 - i**5/60 + i**2. Determine j(f).
0
Let v be (3 - (4 - -2)) + (-1 - 8). Let x(h) = 2*h - 14*h + 12*h - 11*h - h**2 + 1. Give x(v).
-11
Let q = 76 + -67. Let v(l) = -51 + 121 - 55 - 2*l + 0*l. Calculate v(q).
-3
Let j(t) = -297. Let z(p) = -26*p - 729. Let g(s) = 2*j(s) - z(s). Determine g(-5).
5
Suppose -2*t + 16 = -2*z, -2*z - 2*t - 13 = 7. Let a(w) = -w**3 - 9*w**2 + 1. Let i be a(z). Let d(f) = -f**2 + f - 1. Give d(i).
-1
Let k(c) = 3163 - 3181 - 3*c + 5*c. What is k(10)?
2
Suppose 10*n + 24 = 64. Suppose -3*m = m - n. Let q(k) = 9*k**2 + 2*k - 3. Let f be q(m). Let v(s) = -s**3 + 8*s**2 + 2*s - 12. Give v(f).
4
Suppose -4*y + 104 = 22*y. Let w(n) = -13*n + 1. Let a be w(-1). Let t(s) = 12*s + y*s + 4 - a*s. Determine t(-6).
-8
Suppose -7*h = -2*h - 20. Let d be 2*h/(-8)*-5. Suppose -d = 4*c + 3*z, 3 = -c - 2*c - 2*z. Let k(m) = 7*m**3 - m**2 + m. Give k(c).
7
Let v(h) = 16*h + 68. Suppose 0 = -56*o - 76*o - 12*o - 864. Calculate v(o).
-28
Let r(c) be the second derivative of 0*c**2 - 2*c**3 - 6*c - 1/2*c**4 + 0 + 1/120*c**5. Let p(f) be the second derivative of r(f). Give p(7).
-5
Let b(t) be the first derivative of 1/4*t**4 + 0*t**2 - t + 0*t**3 - 38. Give b(2).
7
Let p(o) = -12*o**3 + 4*o**2 - 2*o + 16. Let a(l) = -5*l**3 + 3*l**2 - 2*l + 7. Let q(z) = -5*a(z) + 2*p(z). Calculate q(6).
-3
Let m(t) = -t**3 - 2*t**2 + 3*t + 4. Let g = 78 - 76. Suppose -g*s + y - 5 = 0, -4*s - 11 = -6*y + 3*y. Give m(s).
-2
Let s(c) = 53*c + 2. Suppose -3*w - q - 12 = -14, -q = w - 4. Calculate s(w).
-51
Let j(u) = 13*u**3 - 2*u**2 + 4*u - 4. Let d be 4/(-6) + 64/24. Let c(s) = -s**2 + 10*s**3 - 11*s**3 + 2*s**d + 1 - s. Let x(z) = 3*c(z) + j(z). Calculate x(1).
11
Let b(c) = 1 - 361*c + 5*c**3 + 175*c + 187*c - c**2 - 6*c**3. Give b(0).
1
Let z(w) be the second derivative of w**4/6 + 19*w**3/6 + 3*w**2 - 315*w - 1. Calculate z(-9).
-3
Let x(u) be the second derivative of -u**5/20 - 5*u**4/6 + 5*u**3/3 - 3*u**2/2 + 1753*u. Let c be (-27)/1*-1 - 0. Let l = 16 - c. Determine x(l).
8
Let x(n) be the third derivative of -1/6*n**3 + 0 - 20*n**2 - 1/8*n**4 + 0*n - 1/60*n**5. Suppose 3 + 1 = -u. What is x(u)?
-5
Let d(p) = 4*p**2 + 9*p - 11. Let l be d(0). Let a(m) be the second derivative of m**4/12 + 13*m**3/6 + 3*m**2 - 22*m. What is a(l)?
-16
Let s(b) = -b**2 + 40*b + 877. Let t(z) = 2*z + 34. Let w(m) = s(m) - 26*t(m). Suppose -16 = -4*i + 2*l - 52, -4*l = i - 9. Calculate w(i).
28
Let a(d) = 13*d - 1 + 13 + 7 + 8 + d**2 - 3. Calculate a(-11).
2
Let r(z) = 12*z**2 + 6*z - 2. Let p be (-12)/(-96) + 25/(-8). What is r(p)?
88
Let v(f) be the first derivative of f**7/840 - f**6/60 - f**5/40 + f**4/4 + 76*f**3/3 - 72. Let y(o) be the third derivative of v(o). Calculate y(5).
-34
Let y be (-7)/(-1) - (-448 + 15). Let s(w) = -10 + y*w - 876*w + 438*w. Give s(5).
0
Let r(x) be the third derivative of -x**5/60 + 11*x**4/24 - x**3 + 37*x**2. Let b be r(9). Let h = -18 + b. Let n(g) = -4*g. Determine n(h).
24
Suppose 79*h + 1356 = -34*h. Let r(t) = t**3 + 11*t**2 - 9*t + 17. Determine r(h).
-19
Let q(d) = 19 + 305 + 19607*d - 19654*d + 106. Give q(9).
7
Suppose -3*i + 3 = 18. Let n = 472 - 470. Let g(d) = -22 + d**2 + 22 - n*d - 2 + 6*d. Calculate g(i).
3
Suppose 10*a - 342194 = 368636. Let x(f) = -71084*f + 13 + a*f + f**2 + 2. Give x(0).
15
Let k(o) = 2*o**2 - 3*o - 2. Let w be k(4). Let f be w*((-8)/(-6))/4. Suppose -4*z - 12 = 2*d, f*d - z + 4 = 3*d. Let i(t) = t**3 - 2*t + 1. Give i(d).
-3
Let c(q) be the third derivative of 0*q + 0 - 7/24*q**4 - 21*q**2 - 1/30*q**5 - 5/6*q**3. Suppose -3*d + 4 = -2*b - 2*d, d = b. Calculate c(b).
-9
Let i(c) be the first derivative of c**3/3 - 2*c**2 + 6*c - 4226. Give i(3).
3
Let d(c) = -5*c**3 - 3*c**2 + 7*c + 1. Let u(j) = j**3 + j**2 - 2. Let q(v) = -d(v) - 4*u(v). Give q(4).
27
Suppose 4 = -4*f + 28. Let a(b) = -b**2 + 7*b - 11*b + 6*b + f. Let h(i) = -2*i**2 + 4*i + 13. Let n(g) = 9*a(g) - 4*h(g). What is n(2)?
2
Let n(j) be the second derivative of j**3/6 - 7*j**2/2 + j. Suppose -3*w + 4*b - 8*b = 124, -5*w - 230 = -5*b. Let y = w - -49. Determine n(y).
-2
Let m(b) = 5*b + 6. Let s(l) = -l**2 - 13*l + 42. Let g be s(3). What is m(g)?
-24
Let z be 37/(86 - 49) - 5/((-5)/6). Let l(d) = -d**2 + d + 38. Determine l(z).
-4
Let t(r) be the third derivative of -r**6/120 + r**5/10 + r**4/12 - 7*r**3/6 + r**2. Let b = -228 - -238. Suppose b*l = 68 - 8. Calculate t(l).
5
Let g(o) = 20*o + 157. Let p be (20/25)/(29/(-290)). Give g(p).
-3
Suppose -434 + 78 = 54*p - 32. Let d(a) be the thir